9
Let q(n) = n**3 + 7*n**2 - 5*n - 3. Let y be q(-8). Let p = y - -57. What are the prime factors of p?
2, 3, 5
Let a = -1 + -3. Let g = a + 8. List the prime factors of g.
2
Let p = 2 + 2. Let r(k) = -k + 4*k**2 + p*k**2 - 10*k**2 + k**3 + 2. What are the prime factors of r(3)?
2
Suppose -i - 5 + 0 = 2*n, -5*i - 18 = 3*n. Let t(v) = -2*v + 1. Let u be t(n). Suppose -u*q + 4*x = -4, -3*x = 3*q - 0*q - 39. List the prime factors of q.
2
Suppose 0 = 4*f - 257 - 7. What are the prime factors of f?
2, 3, 11
Suppose -5*w + 4*k + 165 = 0, 2*w + 3*k = 41 + 25. List the prime factors of w.
3, 11
Let l(x) = 6*x. Let t(v) = -v**2 - v + 2. Suppose -3*g = c - 6*g + 15, -5*g = -c - 25. Let j be t(c). What are the prime factors of l(j)?
2, 3
Let d(n) = -2*n**2 - 2*n - 1. Let a be d(3). Let q = 37 + a. Let g = q - 3. List the prime factors of g.
3
Let a = 194 - 11. List the prime factors of a.
3, 61
Let q(z) = 5*z**2 - 3*z**2 - z**2 - 5*z + 1 + 4*z. List the prime factors of q(-3).
13
Let p = 21 + 7. List the prime factors of p.
2, 7
Suppose 0 = 2*b - 4, 2*t - 45 - 17 = 2*b. Suppose 5*k = 2*k + t. What are the prime factors of k?
11
Let i(u) = -2*u**2 + 9*u - 11. Let w be i(6). Let g = 49 + w. What are the prime factors of g?
2, 5
Suppose -7*b = -2*b - 915. List the prime factors of b.
3, 61
Let q be (18/15)/(1/(-5)). What are the prime factors of (-92)/q + (-8)/(-12)?
2
What are the prime factors of ((-3)/(60/(-64)))/((-4)/(-10))?
2
Let z(t) = -t**3 - 11*t**2 - 12*t - 10. Let u = -2 + 6. Suppose -h + 38 = -4*w, -w + 28 = -u*w + h. What are the prime factors of z(w)?
2, 5
Let r = 14 - 11. Suppose 0*g + 36 = 2*n - 4*g, -r*g = -n + 14. List the prime factors of n.
2, 13
Let h(o) = -5*o - 1. Let m be h(-1). List the prime factors of 156/m - (2 + 1).
2, 3
Suppose -5*l - 26 = a, 2*l = -a - 2*a - 13. Let q(y) = -24*y - 1. Let j be q(a). Suppose 5*g - j = 22. What are the prime factors of g?
3
Suppose 190 = 5*x - o + 4*o, 2*o - 185 = -5*x. List the prime factors of x.
5, 7
Suppose l = -5*j + 22 + 12, 3*l = -2*j + 11. Suppose 3*t - j*t + 60 = 0. What are the prime factors of t?
3, 5
Let k(x) = x**2 - 12*x + 15. Let p = -3 - -14. What are the prime factors of k(p)?
2
Let c = -165 + 232. Suppose -c = -2*j - 9. What are the prime factors of j?
29
Suppose 0 = -4*a - 3 + 31. List the prime factors of a.
7
Let u(f) be the first derivative of f**4/4 + 3*f**3 + 9*f**2/2 + 10*f + 1. Let z be u(-8). What are the prime factors of ((-5)/4 + z)*8?
2, 3
Suppose 10*p - 520 = 5*p. List the prime factors of p.
2, 13
Suppose 2 = 2*s - 5*b, 3*s + 2*b - 3 = -0*s. Let f be -3 - s*(-59 + -2). What are the prime factors of f/4 + (-6)/4?
13
Let n = 75 - -56. What are the prime factors of n?
131
Let n be (0 - -1)*(1 - -1). Let g = n - -8. What are the prime factors of g?
2, 5
Suppose 3*k - 503 = p, 3*p - 161 = -k - 0*p. What are the prime factors of k?
167
Suppose -24 = -2*y + 74. What are the prime factors of y?
7
Let l(w) be the first derivative of w**2 - w + 1. Let s = -10 - -17. List the prime factors of l(s).
13
Suppose -6 = -v - 2*v. Let n be 1*(-1 - -2) + 4. Suppose -v*y + 19 = -3*g, -n*y = -10*y - 2*g. What are the prime factors of y?
2
Let w(u) = u**2 + 63. What are the prime factors of w(0)?
3, 7
Let b = -2 + 0. List the prime factors of 2*(b - (-6)/2).
2
Suppose -2*t = 4*b + 114, b + 0*b - 3*t = -25. Let h = b + 46. List the prime factors of h.
2, 3
Let x = 4 + -2. Suppose 3*s - 32 = 2*d + x*d, 4*s - 50 = -2*d. What are the prime factors of s?
2, 3
Suppose -9*w + 14*w - 130 = 0. What are the prime factors of w?
2, 13
Let p = 41 - 21. List the prime factors of p.
2, 5
What are the prime factors of 213 - 0/(8 + -5)?
3, 71
Let g(x) be the third derivative of x**4/12 - 2*x**3/3 + 2*x**2. Let n be g(4). Suppose -m - m = -n, 4*q + m - 50 = 0. What are the prime factors of q?
2, 3
Let h = 86 - 55. Suppose -4*l - h = 21. Let g = -2 - l. What are the prime factors of g?
11
Suppose -5*q - 16 + 137 = v, 3*q + v = 71. Suppose -2*y + l + q = 2*y, -15 = -y + 2*l. What are the prime factors of y?
5
Let y be 1/2*(-20)/5. List the prime factors of (y - (-5)/2)*28.
2, 7
Let v = -7 - -11. Let c = 20 + -20. Suppose 5*w + 4*p + p - 30 = c, -v*p = 5*w - 33. List the prime factors of w.
3
Let d be (7 - (0 + -2)) + -2. Let u(m) = -m + 12. What are the prime factors of u(d)?
5
Suppose 0 = -4*l + 5*a + 232, -l + 44 = 3*a - 31. What are the prime factors of l?
3, 7
Let t(l) = -l**2 + 4*l + 2. Let b be t(-4). What are the prime factors of b/8*16/(-6)?
2, 5
Let r be (57/(-2))/(5/10). Let v be 2/7 - r/21. Suppose -v*q + 14 = -q. What are the prime factors of q?
7
Suppose -s - j = -5*j + 22, s - 2*j + 20 = 0. Let h = -18 - 8. Let l = s - h. What are the prime factors of l?
2
Suppose 5*v - 339 = 4*v. List the prime factors of v.
3, 113
Let t = 70 - 18. Suppose -s = -5*s + t. Suppose -s + 41 = 2*d. What are the prime factors of d?
2, 7
Let u(a) = -a**3 - 7*a**2 - a - 10. Let m(d) = -5*d + 3. Let n be m(2). Let o be u(n). Let z = o - -17. What are the prime factors of z?
2, 7
Suppose f - 25 = 2*i, -4*i + 3*f - 28 = 23. Let a = i - -7. What are the prime factors of (-30)/9*6/a?
2
Let a(u) = -u**3 + 7*u**2 + 4*u - 2. What are the prime factors of a(6)?
2, 29
Let a = 93 - 63. What are the prime factors of a?
2, 3, 5
Let j be (18/15)/((-6)/(-45)). Let h = -6 + j. List the prime factors of h.
3
Suppose -14 = 2*o - 2*s, -5*o + 0*o - 5*s - 65 = 0. List the prime factors of (o/(-7))/(2/14).
2, 5
Suppose -3 = r - 7. Suppose -3*l - r = -22. List the prime factors of l.
2, 3
Let y = 63 + -42. Suppose 0 = 2*x - y - 25. What are the prime factors of x?
23
Let f(p) = p**2 + 8*p + 4. Let y be f(-6). Let d(v) = -v + 4. Let u be d(6). What are the prime factors of (u - 0)/(y/28)?
7
Suppose -4*m + 385 = 7*m. What are the prime factors of m?
5, 7
Suppose -320 = -5*n + 4*j, -3*n + 168 + 46 = 2*j. What are the prime factors of n?
2, 17
Let g(z) = 48*z**2 + 8*z + 18. List the prime factors of g(-2).
2, 97
Let x(m) = 2*m**2 + 9*m + 27. List the prime factors of x(-5).
2
Let d be 26/(-7) - (-2)/(-7). Let p(n) = -n**2 - 3*n + 9. What are the prime factors of p(d)?
5
Let b(s) = 5*s - 4. Let g(z) = -9*z + 8. Let l(h) = 11*b(h) + 6*g(h). What are the prime factors of l(0)?
2
What are the prime factors of (19/4)/(5/40)?
2, 19
Let s(q) = q**2 + 5*q + 5. What are the prime factors of s(-6)?
11
Let d be (-3)/((-9)/(-3) - 2). Let r = d + 6. What are the prime factors of (21/(-9))/(r/(-9))?
7
Let q be (1 - 0)/((-1)/11). Let j = q - -7. Let s(l) = l**2 + 3*l + 4. What are the prime factors of s(j)?
2
Suppose 0 = 4*d - 57 - 3. Suppose 2*q = 63 - d. List the prime factors of q.
2, 3
Suppose -4*u = -20, -3*g - 4*u + 149 - 45 = 0. Let h = g + -17. List the prime factors of h.
11
Let p = 44 + -3. What are the prime factors of p?
41
Let p(b) be the first derivative of b**3/6 + 3*b**2/2 + 4*b + 1. Let q(l) be the first derivative of p(l). List the prime factors of q(0).
3
Let t(a) = 3*a + 3. Let i(m) = -m - 1. Let b(n) = 5*i(n) + 2*t(n). What are the prime factors of b(1)?
2
Let r be 3/2*(-28)/(-21). Suppose -u = 2*k - 34, 0*u + r*u - 67 = -5*k. What are the prime factors of u?
2, 3
List the prime factors of -3*4/30 + (-6788)/(-20).
3, 113
Suppose 0 = 5*o - 0*w - w + 70, 4*w + 50 = -2*o. What are the prime factors of (-111)/o + 4/(-10)?
7
Suppose -3*f - 93 = -2*f. Let v = f - -132. What are the prime factors of v?
3, 13
List the prime factors of 5/5 + 12*1.
13
Let y be ((-12)/(-15))/((-2)/(-105)). Suppose -l = 2*l - y. What are the prime factors of l?
2, 7
Let g(o) = o**3 - 9*o**2 + o + 2. Let j be g(9). Let f = j + -4. List the prime factors of f.
7
Let m(s) = s**2 - 9*s + 10. Let i be m(8). Suppose 0 = i*b + 10, 2*h + b - 40 = -h. List the prime factors of h.
3, 5
Suppose 2*p + 0*p - 208 = 0. What are the prime factors of p?
2, 13
Let f be (7 - (3 + 0))*2. Suppose f = 4*m - 68. What are the prime factors of m?
19
Let w(b) = 3*b**2 + 2*b - 1. Let v(a) = a - 5. Let r be v(6). Let l be w(r). Suppose -l*x = -4*k - 16, 0 = -x - 2*k - 3*k + 10. What are the prime factors of x?
5
Let w(c) = c**2 + 7*c + 4. Let x be w(-7). Let p(m) = m + m - 7 + x. List the prime factors of p(3).
3
Suppose -2*t + 2*y = -636, 2*t - 422 - 226 = -4*y. What are the prime fact